 composite number?
True
Is 12367 composite?
True
Is 4829 prime?
False
Is 25513 composite?
True
Is 3251 a prime number?
True
Is 11678 composite?
True
Is 132403 a prime number?
True
Is 134683 composite?
False
Is 470779 composite?
False
Is 907 composite?
False
Is 23513 composite?
True
Is 7367 a prime number?
False
Is 30239 prime?
False
Is 693703 composite?
True
Is 27623 a prime number?
False
Is 482051 a prime number?
True
Is 30181 composite?
False
Is 1397 a composite number?
True
Is 12793 composite?
True
Is 100505 composite?
True
Is 25514 prime?
False
Is 181009 a composite number?
True
Is 51031 a composite number?
False
Is 919 prime?
True
Is 22229 a composite number?
False
Is 8743 a composite number?
True
Is 83621 a composite number?
False
Is 2183 a composite number?
True
Is 199201 a prime number?
False
Is 20011 prime?
True
Is 81761 prime?
True
Is 174281 prime?
True
Is 2195 a prime number?
False
Is 7097 composite?
True
Is 53813 prime?
True
Is 105069 composite?
True
Is 197507 composite?
False
Is 34107 prime?
False
Is 942709 a prime number?
True
Is 4103 composite?
True
Is 727 composite?
False
Is 8923 composite?
False
Is 654671 a composite number?
False
Is 20473 prime?
False
Is 60209 prime?
True
Is 127613 a prime number?
False
Is 706 prime?
False
Is 25981 a prime number?
True
Is 163307 prime?
True
Is 94873 a prime number?
True
Is 520717 prime?
True
Is 26185 composite?
True
Is 57623 prime?
False
Is 6098 a composite number?
True
Is 3222803 a composite number?
True
Is 1596103 composite?
True
Is 132407 a prime number?
False
Is 350093 a composite number?
False
Is 4007 composite?
False
Is 709 a composite number?
False
Is 52813 composite?
False
Is 81749 a prime number?
True
Is 168599 composite?
False
Is 1655 a composite number?
True
Is 222701 a prime number?
False
Is 788189 composite?
False
Is 3171761 a prime number?
True
Is 809 a composite number?
False
Is 51411 prime?
False
Is 9587 prime?
True
Is 16319 a prime number?
True
Is 2251 a composite number?
False
Is 3967 prime?
True
Is 2477 composite?
False
Is 118603 prime?
True
Is 34495 composite?
True
Is 6731 prime?
False
Is 1473 composite?
True
Is 229265 a prime number?
False
Is 225257 a composite number?
False
Is 113933 a composite number?
False
Is 5147 a prime number?
True
Is 25199 composite?
True
Is 42863 a composite number?
False
Is 144767 composite?
True
Is 1764067 prime?
True
Is 1769 a composite number?
True
Is 687 a prime number?
False
Is 20065 composite?
True
Is 1331119 composite?
False
Is 20849 prime?
True
Is 1666127 composite?
False
Is 452201 a composite number?
False
Is 237619 prime?
True
Is 12497 a prime number?
True
Is 60181 a prime number?
False
Is 14483 a prime number?
False
Is 38783 composite?
False
Is 590981 a prime number?
False
Is 123077 a prime number?
True
Is 139861 a prime number?
True
Is 332611 composite?
False
Is 870223 composite?
False
Is 54287 a composite number?
False
Is 1450679 a prime number?
False
Is 98831 composite?
True
Is 222287 composite?
True
Is 4751 prime?
True
Is 155789 prime?
False
Is 345707 a composite number?
False
Is 129793 composite?
False
Is 7853 a composite number?
False
Is 40609 a prime number?
True
Is 183151 a composite number?
False
Is 1987 a composite number?
False
Is 21083 prime?
False
Is 418823 a composite number?
True
Is 38579 composite?
True
Is 395953 prime?
True
Is 4415 a prime number?
False
Is 108938 prime?
False
Is 699 a prime number?
False
Is 597794 composite?
True
Is 1205081 a composite number?
False
Is 11965 a prime number?
False
Is 45943 a composite number?
False
Is 571511 a composite number?
True
Is 50782 prime?
False
Is 490367 composite?
False
Is 29966 a composite number?
True
Is 538357 composite?
False
Is 1385 composite?
True
Is 86341 prime?
True
Is 7781 a composite number?
True
Is 79057 a prime number?
False
Is 72717 prime?
False
Is 40873 prime?
False
Is 70279 composite?
True
Is 17159 composite?
False
Is 235159 prime?
True
Is 90223 composite?
True
Is 36851 composite?
True
Is 1251127 composite?
True
Is 282851 prime?
True
Is 9983 composite?
True
Is 7186 a composite number?
True
Is 36961 a prime number?
False
Is 36847 composite?
False
Is 1541 a composite number?
True
Is 208255 composite?
True
Is 55871 prime?
True
Is 551 a composite number?
True
Is 21181 a prime number?
False
Is 9587 a composite number?
False
Is 4507 a composite number?
False
Is 191413 prime?
True
Is 5366 prime?
False
Is 5388479 prime?
True
Is 6803 a composite number?
False
Is 5153 prime?
True
Is 3063491 a prime number?
True
Is 56857 composite?
False
Is 30111 a composite number?
True
Is 566413 composite?
False
Is 1726 a composite number?
True
Is 65921 composite?
False
Is 306019 composite?
True
Is 25829 a prime number?
False
Is 9293 a prime number?
True
Is 65677 a prime number?
True
Is 246817 prime?
True
Is 685 a prime number?
False
Is 36965 prime?
False
Is 1171921 composite?
False
Is 3649 prime?
False
Is 1561 prime?
False
Is 58087 composite?
True
Is 54037 prime?
True
Is 895681 prime?
True
Is 11371 composite?
True
Is 14371 a composite number?
True
Is 8039 composite?
False
Is 6067 prime?
True
Is 4237 a composite number?
True
Is 21849 a prime number?
False
Is 7759 a composite number?
False
Is 310169 a composite number?
False
Is 831053 a prime number?
False
Is 5833 composite?
True
Is 7093 prime?
False
Is 145 prime?
False
Is 166714 a composite number?
True
Is 16917 prime?
False
Is 953 prime?
True
Is 42647 a prime number?
False
Is 117179 a composite number?
True
Is 31091 prime?
True
Is 230149 a prime number?
True
Is 7909 a prime number?
False
Is 16249 a composite number?
False
Is 1243841 prime?
True
Is 429433 composite?
True
Is 110787 composite?
True
Is 10847 a composite number?
False
Is 7949 a composite number?
False
Is 158489 a prime number?
True
Is 68863 a composite number?
False
Is 4751 a composite number?
False
Is 668851 a composite number?
False
Is 1594531 composite?
True
Is 2098 a composite number?
True
Is 871207 a prime number?
False
Is 523513 a composite number?
True
Is 52265 prime?
False
Is 3197 a composite number?
True
Is 208321 composite?
True
Is 10427 a composite number?
False
Is 15541 composite?
False
Is 191789 a prime number?
False
Is 10247 a prime number?
True
Is 3109 a prime number?
True
Is 4111 composite?
False
Is 1581466 a prime number?
False
Is 56361 composite?
True
Is 724583 a composite number?
False
Is 3973 prime?
False
Is 28429 prime?
True
Is 20269 prime?
True
Is 30367 a prime number?
True
Is 287285 composite?
True
Is 98269 a composite number?
False
Is 9791 a composite number?
False
Is 32687 composite?
False
Is 422651 a prime number?
False
Is 198899 composite?
False
Is 12037 a prime number?
True
Is 563297 composite?
True
Is 6119 a prime number?
False
Is 158959 a prime number?
True
Is 13967 a prime number?
True
Is 430063 composite?
True
Is 18371 a composite number?
False
Is 29819 a composite number?
False
Is 372907 prime?
False
Is 8903 prime?
False
Is 3602 a composite number?
True
Is 15053 composite?
False
Is 7403 a prime number?
False
Is 6117 prime?
False
Is 11 a composite number?
False
Is 1129433 composite?
False
Is 243953 prime?
True
Is 9489 a prime number?
False
Is 3165691 a prime number?
False
Is 374051 composite?
True
Is 22757 prime?
False
Is 11587 a prime number?
True
Is 1173902 prime?
False
Is 4821 a composite number?
True
Is 439537 a prime number?
False
Is 247391 composite?
False
Is 38945 prime?
False
Is 228541 composite?
True
Is 282603 composite?
True
Is 1294 a composite number?
True
Is 44857 prime?
False
Is 11441 a prime number?
False
Is 23789 prime?
True
Is 187301 composite?
True
Is 24865 composite?
True
Is 5113 a prime number?
True
Is 23195 a prime number?
False
Is 58337 prime?
True
Is 2885 a prime number?
False
Is 858749 a composite number?
False
Is 1040263 composite?
True
Is 21059 prime?
True
Is 289717 a composite number?
False
Is 749 prime?
False
Is 356591 prime?
True
Is 53147 a prime number?
True
Is 2742589 a composite number?
True
Is 5273 composite?
False
Is 870563 composite?
True
Is 9407 prime?
False
Is 3293 a prime number?
False
Is 17011 prime?
True
Is 40459 a composite number?
False
Is 24499 prime?
True
Is 328223 a prime number?
False
Is 57895 prime?
False
Is 924961 prime?
True
Is 128507 a composite number?
True
Is 282349 a prime number?
True